212332
Convert -108 (base 11) to base 14.
-93
What is -3aa9 (base 11) in base 13?
-2565
Convert -27bb (base 12) to base 6.
-33155
Convert 13267 (base 13) to base 5.
2114300
-2333 (base 11) to base 4
-233311
What is -54404 (base 6) in base 5?
-214432
What is 3330 (base 5) in base 10?
465
Convert -a21 (base 11) to base 9.
-1620
-38a (base 12) to base 7
-1366
2495 (base 10) to base 6
15315
2421 (base 11) to base 3
11100101
Convert -1097 (base 11) to base 14.
-749
What is 11023203 (base 4) in base 3?
1002002220
What is 23b8 (base 15) in base 4?
1312232
739 (base 12) to base 10
1053
Convert -618d (base 14) to base 12.
-9869
-32b (base 14) to base 4
-21303
Convert 427 (base 13) to base 2.
1011000101
What is a1 (base 14) in base 11?
119
Convert 81a (base 12) to base 13.
6c4
-501 (base 10) to base 2
-111110101
Convert 271 (base 16) to base 5.
10000
Convert -202 (base 15) to base 11.
-381
What is -331 (base 5) in base 6?
-231
What is 6477 (base 14) in base 13?
7b8b
Convert -32021 (base 4) to base 3.
-1020112
What is b2 (base 16) in base 15?
bd
Convert 296 (base 10) to base 2.
100101000
What is -1bc0 (base 13) in base 11?
-318a
Convert -122211222 (base 3) to base 10.
-13013
What is 116505 (base 7) in base 2?
101010000001100
1110010 (base 2) to base 9
136
What is 5130 (base 7) in base 16?
6f9
2784 (base 12) to base 7
16210
What is 102022 (base 3) in base 5?
2210
What is -c9 (base 15) in base 13?
-117
What is -1088 (base 10) in base 15?
-4c8
What is 3505 (base 6) in base 16?
341
Convert 213 (base 8) to base 7.
256
What is -1100000 (base 2) in base 13?
-75
What is -222022111 (base 3) in base 15?
-5a3d
What is 248 (base 9) in base 10?
206
-65405 (base 10) to base 16
-ff7d
Convert -2003 (base 4) to base 3.
-11212
-40440 (base 7) to base 15
-2da3
-2002121 (base 5) to base 12
-16300
Convert 4463 (base 7) to base 11.
1237
Convert -220111 (base 3) to base 4.
-22111
What is -3602 (base 10) in base 3?
-11221102
34000 (base 5) to base 8
4507
225 (base 15) to base 14
269
What is -12133 (base 4) in base 16?
-19f
What is 2656 (base 13) in base 15?
1954
-2d5 (base 15) to base 14
-346
What is -5d1 (base 16) in base 8?
-2721
Convert -34612 (base 9) to base 16.
-5a38
22b0 (base 14) to base 11
4596
-530 (base 7) to base 5
-2031
Convert 12222 (base 5) to base 16.
3a9
-111300 (base 4) to base 10
-1392
What is -18b (base 14) in base 6?
-1251
-615 (base 9) to base 8
-764
Convert 42b (base 14) to base 11.
689
Convert 1011211100 (base 3) to base 15.
6d1c
Convert 10011110111101 (base 2) to base 5.
311143
Convert 40510 (base 6) to base 10.
5370
Convert 39aa (base 12) to base 7.
25162
Convert 2001101112 (base 3) to base 16.
9dbb
111002 (base 3) to base 13
212
584 (base 16) to base 5
21122
21128 (base 12) to base 3
2012111112
Convert 40 (base 14) to base 3.
2002
Convert 333 (base 15) to base 8.
1323
Convert 279 (base 10) to base 11.
234
837 (base 9) to base 12
48a
-210 (base 10) to base 16
-d2
-11110113 (base 4) to base 8
-52427
-125351 (base 8) to base 14
-11d33
What is -20310333 (base 4) in base 8?
-106477
-2b48 (base 12) to base 11
-3913
1112022212 (base 3) to base 15
8dd8
-6237 (base 8) to base 4
-302133
Convert -3024 (base 8) to base 16.
-614
560 (base 10) to base 2
1000110000
-120210 (base 3) to base 14
-226
-325 (base 14) to base 8
-1155
18578 (base 9) to base 6
135325
b114 (base 14) to base 3
1112200212
14170 (base 12) to base 14
a232
201142 (base 5) to base 9
8725
Convert 14e9 (base 15) to base 9.
6143
What is -33331 (base 4) in base 16?
-3fd
-32d (base 14) to base 11
-522
Convert 19a4 (base 15) to base 11.
419a
What is 314532 (base 6) in base 10?
25688
What is 352 (base 16) in base 10?
850
-761 (base 11) to base 5
-12124
What is -251030 (base 7) in base 16?
-b39f
112311 (base 4) to base 5
21321
Convert -401 (base 9) to base 11.
-276
What is -2333 (base 11) in base 9?
-4171
-15335 (base 6) to base 11
-197a
400 (base 11) to base 16
1e4
Convert -23158 (base 11) to base 4.
-20022303
Convert c15c (base 14) to base 4.
20012312
Convert 1000100 (base 3) to base 9.
1010
What is 1020021222 (base 3) in base 14?
8bba
What is 1110110101000100 (base 2) in base 6?
1145112
What is 11011000 (base 2) in base 5?
1331
Convert 10111001 (base 2) to base 7.
353
What is 50 (base 7) in base 5?
120
Convert 4310 (base 6) to base 13.
5a3
-1893 (base 12) to base 3
-11002210
27f (base 16) to base 14
339
-3202 (base 5) to base 13
-26b
Convert -898 (base 13) to base 8.
-2705
Convert 1585 (base 9) to base 14.
627
What is -1000100 (base 2) in base 11?
-62
Convert 202434 (base 6) to base 9.
24134
Convert 100101111110 (base 2) to base 12.
14a6
512 (base 10) to base 2
1000000000
-5869 (base 14) to base 13
-7002
What is -22341 (base 5) in base 2?
-11000111100
100d (base 14) to base 11
2087
Convert a86 (base 11) to base 4.
110120
Convert -43182 (base 9) to base 15.
-870b
-222101 (base 3) to base 6
-3144
2425 (base 10) to base 3
10022211
-376 (base 12) to base 6
-2230
-24 (base 14) to base 3
-1012
-1001101000110011 (base 2) to base 16
-9a33
103 (base 12) to base 15
9c
What is -1012201 (base 3) in base 4?
-31303
What is -10037 (base 8) in base 14?
-170b
What is 1f8a (base 16) in base 2?
1111110001010
60500 (base 8) to base 2
110000101000000
-4a9a (base 12) to base 4
-2010112
What is -101000 (base 3) in base 14?
-154
Convert 11e5 (base 15) to base 10.
3815
What is 1814 (base 16) in base 12?
3698
What is 100100000110110 (base 2) in base 8?
44066
-1100000 (base 2) to base 16
-60
-2533 (base 11) to base 8
-6347
Convert 101011111 (base 2) to base 5.
2401
Convert -2095 (base 11) to base 3.
-10210110
-2364 (base 7) to base 10
-879
What is a330 (base 13) in base 14?
82c4
What is 5585 (base 10) in base 8?
12721
4fc (base 16) to base 6
5524
-3d4 (base 15) to base 16
-36a
Convert 313224 (base 5) to base 13.
49a0
Convert 12005 (base 9) to base 7.
32252
What is -b1a (base 14) in base 16?
-884
1010010100 (base 2) to base 11
550
What is -38680 (base 11) in base 4?
-31201121
2870 (base 10) to base 13
13ca
Convert -101551 (base 6) to base 10.
-8203
Convert 7a38 (base 14) to base 15.
6448
What is 10010010 (base 2) in base 15?
9b
What is -11000000 (base 2) in base 4?
-3000
What is -3267 (base 8) in base 13?
-a23
2442 (base 5) to base 4
11310
11002310 (base 4) to base 11
14582
-f6a (base 16) to base 12
-234a
1614 (base 9) to base 7
3403
-7711 (base 8) to base 3
-12112200
What is 3b0 (base 15) in base 14?
440
Convert -1487 (base 11) to base 9.
-2552
Convert 101111000000 (base 2) to base 8.
5700
What is -515 (base 12) in base 6?
-3225
What is 12131213 (base 4) in base 15?
7c9b
What is -2321222 (base 4) in base 8?
-27152
What is -202011 (base 3) in base 15?
-264
-31302 (base 5) to base 13
-c3a
What is -11411 (base 6) in base 10?
-1663
Convert -121232 (base 6) to base 3.
-112122102
-7d70 (base 16) to base 12
-16700
2535 (base 7) to base 16
3bd
-3435 (base 7) to base 9
-1640
Convert -25f4 (base 16) to base 15.
-2d2b
-16a (base 11) to base 7
-401
-2ab (base 13) to base 2
-111011111
4032 (base 6) to base 4
31310
Convert -6417 (base 8) to base 5.
-101333
What is 1a5 (base 11) in base 2?
11101100
What is 17715 (base 8) in base 4?
1333031
-54 (base 16) to base 4
-1110
11000111 (base 2) to base 11
171
Convert -5278 (base 9) to base 8.
-7446
-4821 (base 10) to base 16
-12d5
241 (base 10) to base 6
1041
What is 244 (base 6) in base 10?
100
What is dc1 (base 14) in base 16?
a9d
Convert -6b2 (base 12) to base 15.
-468
What is 1231240 (base 5) in base 12?
11a35
-1324131 (base 5) to base 12
-13607
What is -121433 (base 7) in base 11?
-15727
-202120011 (base 3) to base 12
-8811
Convert 12210 (base 4) to base 13.
264
-1036 (base 10) to base 3
-1102101
What is -122210 (base 4) in base 10?
-1700
6132 (base 11) to base 3
102011120
Convert 1a68 (base 13) to base 5.
111343
Convert -12216 (base 8) to base 14.
-1cbc
333 (base 5) to base 2
1011101
What is 671 (base 10) in base 3?
220212
Convert -210221 (base 3) to base 9.
-727
What is -12a3 (base 12) in base 4?
-201123
Convert 1212 (base 12) to base 10.
2030
112122 (base 4) to base 7
4116
Convert 1715 (base 8) to base 7.
2560
What is -7495 (base 16) in base 2?
-111010010010101
59c0 (base 13) to base 7
51626
What is -20331 (base 4) in base 13?
-351
-3120010 (base 4) to base 5
-420303
20002211 (base 3) to 